{"id":2108,"date":"2019-07-30T14:43:10","date_gmt":"2019-07-30T12:43:10","guid":{"rendered":"https:\/\/eventcenter.se\/kalmar\/?page_id=2108"},"modified":"2024-03-01T13:25:09","modified_gmt":"2024-03-01T12:25:09","slug":"lediga-tjanster","status":"publish","type":"page","link":"https:\/\/eventcenter.se\/kalmar\/lediga-tjanster\/","title":{"rendered":"TJ\u00c4NSTER"},"content":{"rendered":"<div class=\"wpb-content-wrapper\"><p>[vc_row full_width=&#8221;stretch_row&#8221; content_placement=&#8221;top&#8221; bg_type=&#8221;image&#8221; css=&#8221;.vc_custom_1709226041960{padding-top: 250px !important;padding-bottom: 250px !important;background-image: url(https:\/\/eventcenter.se\/kalmar\/wp-content\/uploads\/2024\/02\/Nkpg.jpg?id=5417) !important;}&#8221; el_class=&#8221;vc_hidden-xs&#8221;][vc_column offset=&#8221;vc_hidden-xs&#8221;][\/vc_column][\/vc_row][vc_row full_width=&#8221;stretch_row_content&#8221; content_placement=&#8221;top&#8221; bg_type=&#8221;image&#8221; css=&#8221;.vc_custom_1709034766306{padding-top: 450px !important;padding-bottom: 0px !important;background-image: url(https:\/\/eventcenter.se\/kalmar\/wp-content\/uploads\/2022\/08\/Malin.jpg?id=4486) !important;}&#8221; el_class=&#8221;vc_hidden-lg vc_hidden-md vc_hidden-sm&#8221;][vc_column offset=&#8221;vc_hidden-xs&#8221;][\/vc_column][\/vc_row][vc_row bg_type=&#8221;image&#8221; parallax_style=&#8221;vcpb-default&#8221; bg_image_new=&#8221;id^1247|url^https:\/\/eventcenter.se\/kalmar\/wp-content\/uploads\/2019\/04\/menu-bg5.jpg|caption^null|alt^Eventcenter V\u00e4xj\u00f6 Restaurang Bowling Boule Biljard Background Event Center Knock em Down Event Center V\u00e4xj\u00f6 Restaurang Bowling Boule Biljard Knock em Down|title^null|description^null&#8221; bg_image_size=&#8221;initial&#8221; css=&#8221;.vc_custom_1555499045648{margin-top: -40px !important;margin-right: 0px !important;margin-left: 0px !important;background-color: #ffffff !important;background-position: 0 0 !important;background-repeat: repeat !important;}&#8221; el_class=&#8221;pinklft shadow zindexed&#8221;][vc_column width=&#8221;2\/3&#8243; css=&#8221;.vc_custom_1554197063644{padding-top: 10px !important;padding-bottom: 0px !important;padding-left: 44px !important;}&#8221;][vc_column_text css=&#8221;.vc_custom_1709224066168{padding-top: 5px !important;}&#8221;]<\/p>\n<h1><span style=\"color: #cca402;\"><strong>Arbeta med oss<\/strong><\/span><\/h1>\n<h3>Gl\u00e4dje, Enkelhet, Nyt\u00e4nkande<\/h3>\n<p>Som medarbetare hos Event Center Knock &#8217;em Down har du n\u00e5gra av branschens b\u00e4sta villkor. Vill du arbeta i team tillsammans med andra driva m\u00e4nniskor p\u00e5 en sp\u00e4nnande och utvecklande arbetsplats \u00e4r du varmt v\u00e4lkommen att h\u00f6ra av dig till oss.[\/vc_column_text][vc_empty_space][\/vc_column][vc_column width=&#8221;1\/3&#8243; css=&#8221;.vc_custom_1555766446573{margin-left: 22px !important;padding-top: 17px !important;padding-right: 10px !important;padding-bottom: 25px !important;}&#8221;][vc_column_text css=&#8221;.vc_custom_1709224092092{padding-top: 5px !important;}&#8221;]<span style=\"color: #999999;\">Se tj\u00e4nster nedan och <\/span><span style=\"color: #999999;\">ans\u00f6k till <\/span><a href=\"mailto:kalmar@eventcenter.se\"><span style=\"color: #999999;\">kalmar@eventcenter.se<\/span><\/a>[\/vc_column_text][vc_empty_space height=&#8221;10px&#8221;][\/vc_column][\/vc_row][vc_row el_class=&#8221;teaserbx vc_hidden-xs&#8221;][vc_column width=&#8221;1\/2&#8243;][vc_empty_space height=&#8221;20px&#8221;]<section class=\"shortcode-teaser img-full\"><div class=\"shortcode-teaser-img\"><a class=\"layzr-bg rollover\" href=\"mailto:kalmar@eventcenter.se\"><img loading=\"lazy\" decoding=\"async\" class=\"lazy-load\" src=\"data:image\/svg+xml;charset=utf-8,%3Csvg xmlns%3D&#039;http%3A%2F%2Fwww.w3.org%2F2000%2Fsvg&#039; viewBox%3D&#039;0 0 384 384&#039;%2F%3E\" width=\"384\" height=\"384\" alt=\"Knock buffe\" data-srcset=\"https:\/\/eventcenter.se\/kalmar\/wp-content\/uploads\/2023\/07\/Knock-Buffe-Norr.jpg 384w\" data-src=\"https:\/\/eventcenter.se\/kalmar\/wp-content\/uploads\/2023\/07\/Knock-Buffe-Norr.jpg\" \/><\/a><\/div><div class=\"shortcode-teaser-content text-big\"><h3>K\u00f6ksm\u00e4stare<\/h3>\n<p><em>\u00c4r du ansvarstagande, trivs att arbeta i ett h\u00f6gt tempo, gillar att utvecklas och \u00e4lskar m\u00f6tet mellan m\u00e4nniskor.<\/em><\/p>\n<p>Vi s\u00f6ker dig som har tidigare erfarenhet fr\u00e5n en k\u00f6ksm\u00e4starroll och som framf\u00f6rallt alltid g\u00f6r ditt yttersta f\u00f6r g\u00e4sternas upplevelse. Du som k\u00f6ksm\u00e4stare s\u00e4tter din pr\u00e4gel p\u00e5 b\u00e5de meny och val av r\u00e5varor. Vi serverar alltifr\u00e5n kv\u00e4llsbuff\u00e9 till konferensluncher, a la cart\u00e9, privata temafester och julbord.<\/p>\n<p>Nu har du chansen att bli del av en levande och utvecklande arbetsplats d\u00e4r medarbetarnas arbetsvillkor och v\u00e4lm\u00e5ende alltid st\u00e5r i fokus!<\/p>\n<p><strong>Urval och intervjuer sker l\u00f6pande.<\/strong><\/p>\n<p><strong>Ans\u00f6k genom att skicka CV och personligt brev till <a href=\"mailto:kalmar@eventcenter.se\"><span style=\"color: #cca402;\">kalmar@eventcenter.se<\/span><\/a><\/strong><\/p>\n<\/div><span class=\"arrow\"><i class=\"fa fa-arrow-down\" aria-hidden=\"true\"><\/i><\/span><\/section><section class=\"shortcode-teaser img-full\"><div class=\"shortcode-teaser-img\"><a class=\"layzr-bg rollover\" href=\"mailto:kalmar@eventcenter.se\"><img loading=\"lazy\" decoding=\"async\" class=\"lazy-load\" src=\"data:image\/svg+xml;charset=utf-8,%3Csvg xmlns%3D&#039;http%3A%2F%2Fwww.w3.org%2F2000%2Fsvg&#039; viewBox%3D&#039;0 0 384 384&#039;%2F%3E\" width=\"384\" height=\"384\" alt=\"Servering\" data-srcset=\"https:\/\/eventcenter.se\/kalmar\/wp-content\/uploads\/2024\/02\/Serv-bar.jpg 384w\" data-src=\"https:\/\/eventcenter.se\/kalmar\/wp-content\/uploads\/2024\/02\/Serv-bar.jpg\" \/><\/a><\/div><div class=\"shortcode-teaser-content text-big\"><h3>Bar, event och servering<\/h3>\n<p><em>Vill du arbeta inom bar och servering och samtidigt ha m\u00f6jlighet till personlig utveckling?<\/em><\/p>\n<p>Vi s\u00f6ker medarbetare inom bar, event och servering till Kalmars st\u00f6rsta n\u00f6jessatsning och erbjuder allt fr\u00e5n deltid- till heltidstj\u00e4nster. Vi s\u00f6ker dig som trivs att arbeta i ett h\u00f6gt tempo, tar egna initiativ och \u00e4lskar m\u00f6tet mellan m\u00e4nniskor. Tidigare erfarenhet inom restaurang \u00e4r meriterande och utbildning inom Event Centers unika arbetss\u00e4tt sker p\u00e5 plats.<\/p>\n<p>Ta chansen att bli en del av en levande och utvecklande arbetsplats d\u00e4r s\u00e5v\u00e4l g\u00e4sternas som medarbetarnas v\u00e4lm\u00e5ende st\u00e5r i fokus.<\/p>\n<p><strong>Urval och intervjuer sker l\u00f6pande.<\/strong><\/p>\n<p><strong>Ans\u00f6k genom att skicka CV och personligt brev till <a href=\"mailto:kalmar@eventcenter.se\"><span style=\"color: #cca402;\">kalmar@eventcenter.se<\/span><\/a><\/strong><\/p>\n<\/div><span class=\"arrow\"><i class=\"fa fa-arrow-down\" aria-hidden=\"true\"><\/i><\/span><\/section>[\/vc_column][vc_column width=&#8221;1\/2&#8243;][vc_empty_space height=&#8221;20px&#8221;]<section class=\"shortcode-teaser img-full\"><div class=\"shortcode-teaser-img\"><a class=\"layzr-bg rollover\" href=\"mailto:kalmar@eventcenter.se\"><img loading=\"lazy\" decoding=\"async\" class=\"lazy-load\" src=\"data:image\/svg+xml;charset=utf-8,%3Csvg xmlns%3D&#039;http%3A%2F%2Fwww.w3.org%2F2000%2Fsvg&#039; viewBox%3D&#039;0 0 384 384&#039;%2F%3E\" width=\"384\" height=\"384\" alt=\"Medarbetare\" data-srcset=\"https:\/\/eventcenter.se\/kalmar\/wp-content\/uploads\/2024\/02\/Arbete-med-oss.jpg 384w\" data-src=\"https:\/\/eventcenter.se\/kalmar\/wp-content\/uploads\/2024\/02\/Arbete-med-oss.jpg\" \/><\/a><\/div><div class=\"shortcode-teaser-content text-big\"><h3>Kock<\/h3>\n<p><em>Kan du f\u00f6lja med i ett h\u00f6gt tempo, gillar du att utvecklas och trivs med flera bollar i luften.<\/em><\/p>\n<p>Vi erbjuder ett varierande arbete som kock d\u00e4r du f\u00e5r chansen att utvecklas inom b\u00e5de arbetet och personligt. Du f\u00e5r chansen att medverka vid servering av alltifr\u00e5n kv\u00e4llsbuff\u00e9 till konferensluncher, a la cart\u00e9, privata temafester och julbord. Vi s\u00f6ker dig som har en vilja att utvecklas och g\u00f6r ditt yttersta f\u00f6r g\u00e4sternas upplevelse.<\/p>\n<p>Nu har du chansen att bli del av en levande och utvecklande arbetsplats d\u00e4r medarbetarnas arbetsvillkor och v\u00e4lm\u00e5ende alltid st\u00e5r i fokus!<\/p>\n<p><strong>Urval och intervjuer sker l\u00f6pande.<\/strong><\/p>\n<p><strong>Ans\u00f6k genom att skicka CV och personligt brev till <a href=\"mailto:kalmar@eventcenter.se\"><span style=\"color: #cca402;\">kalmar@eventcenter.se<\/span><\/a><\/strong><\/p>\n<\/div><span class=\"arrow\"><i class=\"fa fa-arrow-down\" aria-hidden=\"true\"><\/i><\/span><\/section>[\/vc_column][\/vc_row][vc_row el_class=&#8221;teaserbx vc_hidden-lg vc_hidden-md vc_hidden-sm&#8221;][vc_column width=&#8221;1\/2&#8243;][vc_empty_space height=&#8221;20px&#8221;]<section class=\"shortcode-teaser img-full\"><div class=\"shortcode-teaser-img\"><a class=\"layzr-bg rollover\" href=\"mailto:kalmar@eventcenter.se\"><img loading=\"lazy\" decoding=\"async\" class=\"lazy-load\" src=\"data:image\/svg+xml;charset=utf-8,%3Csvg xmlns%3D&#039;http%3A%2F%2Fwww.w3.org%2F2000%2Fsvg&#039; viewBox%3D&#039;0 0 384 384&#039;%2F%3E\" width=\"384\" height=\"384\" alt=\"Knock buffe\" data-srcset=\"https:\/\/eventcenter.se\/kalmar\/wp-content\/uploads\/2023\/07\/Knock-Buffe-Norr.jpg 384w\" data-src=\"https:\/\/eventcenter.se\/kalmar\/wp-content\/uploads\/2023\/07\/Knock-Buffe-Norr.jpg\" \/><\/a><\/div><div class=\"shortcode-teaser-content text-big\"><h3>K\u00f6ksm\u00e4stare<\/h3>\n<p><em>\u00c4r du ansvarstagande, trivs att arbeta i ett h\u00f6gt tempo, gillar att utvecklas och \u00e4lskar m\u00f6tet mellan m\u00e4nniskor.<\/em><\/p>\n<p>Vi s\u00f6ker dig som har tidigare erfarenhet fr\u00e5n en k\u00f6ksm\u00e4starroll och som framf\u00f6rallt alltid g\u00f6r ditt yttersta f\u00f6r g\u00e4sternas upplevelse. Du som k\u00f6ksm\u00e4stare s\u00e4tter din pr\u00e4gel p\u00e5 b\u00e5de meny och val av r\u00e5varor. Vi serverar alltifr\u00e5n kv\u00e4llsbuff\u00e9 till konferensluncher, a la cart\u00e9, privata temafester och julbord.<\/p>\n<p>Nu har du chansen att bli del av en levande och utvecklande arbetsplats d\u00e4r medarbetarnas arbetsvillkor och v\u00e4lm\u00e5ende alltid st\u00e5r i fokus!<\/p>\n<p><strong>Urval och intervjuer sker l\u00f6pande.<\/strong><\/p>\n<p><strong>Ans\u00f6k genom att skicka CV och personligt brev till <a href=\"mailto:kalmar@eventcenter.se\"><span style=\"color: #cca402;\">kalmar@eventcenter.se<\/span><\/a><\/strong><\/p>\n<\/div><span class=\"arrow\"><i class=\"fa fa-arrow-down\" aria-hidden=\"true\"><\/i><\/span><\/section><section class=\"shortcode-teaser img-full\"><div class=\"shortcode-teaser-img\"><a class=\"layzr-bg rollover\" href=\"mailto:kalmar@eventcenter.se\"><img loading=\"lazy\" decoding=\"async\" class=\"lazy-load\" src=\"data:image\/svg+xml;charset=utf-8,%3Csvg xmlns%3D&#039;http%3A%2F%2Fwww.w3.org%2F2000%2Fsvg&#039; viewBox%3D&#039;0 0 384 384&#039;%2F%3E\" width=\"384\" height=\"384\" alt=\"Medarbetare\" data-srcset=\"https:\/\/eventcenter.se\/kalmar\/wp-content\/uploads\/2024\/02\/Arbete-med-oss.jpg 384w\" data-src=\"https:\/\/eventcenter.se\/kalmar\/wp-content\/uploads\/2024\/02\/Arbete-med-oss.jpg\" \/><\/a><\/div><div class=\"shortcode-teaser-content text-big\"><h3>Kock<\/h3>\n<p><em>Kan du f\u00f6lja med i ett h\u00f6gt tempo, gillar du att utvecklas och trivs med flera bollar i luften.<\/em><\/p>\n<p>Vi erbjuder ett varierande arbete som kock d\u00e4r du f\u00e5r chansen att utvecklas inom b\u00e5de arbetet och personligt. Du f\u00e5r chansen att medverka vid servering av alltifr\u00e5n kv\u00e4llsbuff\u00e9 till konferensluncher, a la cart\u00e9, privata temafester och julbord. Vi s\u00f6ker dig som har en vilja att utvecklas och g\u00f6r ditt yttersta f\u00f6r g\u00e4sternas upplevelse.<\/p>\n<p>Nu har du chansen att bli del av en levande och utvecklande arbetsplats d\u00e4r medarbetarnas arbetsvillkor och v\u00e4lm\u00e5ende alltid st\u00e5r i fokus!<\/p>\n<p><strong>Urval och intervjuer sker l\u00f6pande.<\/strong><\/p>\n<p><strong>Ans\u00f6k genom att skicka CV och personligt brev till <a href=\"mailto:kalmar@eventcenter.se\"><span style=\"color: #cca402;\">kalmar@eventcenter.se<\/span><\/a><\/strong><\/p>\n<\/div><span class=\"arrow\"><i class=\"fa fa-arrow-down\" aria-hidden=\"true\"><\/i><\/span><\/section><section class=\"shortcode-teaser img-full\"><div class=\"shortcode-teaser-img\"><a class=\"layzr-bg rollover\" href=\"mailto:kalmar@eventcenter.se\"><img loading=\"lazy\" decoding=\"async\" class=\"lazy-load\" src=\"data:image\/svg+xml;charset=utf-8,%3Csvg xmlns%3D&#039;http%3A%2F%2Fwww.w3.org%2F2000%2Fsvg&#039; viewBox%3D&#039;0 0 384 384&#039;%2F%3E\" width=\"384\" height=\"384\" alt=\"Servering\" data-srcset=\"https:\/\/eventcenter.se\/kalmar\/wp-content\/uploads\/2024\/02\/Serv-bar.jpg 384w\" data-src=\"https:\/\/eventcenter.se\/kalmar\/wp-content\/uploads\/2024\/02\/Serv-bar.jpg\" \/><\/a><\/div><div class=\"shortcode-teaser-content text-big\"><h3>Bar, event och servering<\/h3>\n<p><em>Vill du arbeta inom bar och servering och samtidigt ha m\u00f6jlighet till personlig utveckling?<\/em><\/p>\n<p>Vi s\u00f6ker medarbetare inom bar, event och servering till Kalmars st\u00f6rsta n\u00f6jessatsning och erbjuder allt fr\u00e5n deltid- till heltidstj\u00e4nster. Vi s\u00f6ker dig som trivs att arbeta i ett h\u00f6gt tempo, tar egna initiativ och \u00e4lskar m\u00f6tet mellan m\u00e4nniskor. Tidigare erfarenhet inom restaurang \u00e4r meriterande och utbildning inom Event Centers unika arbetss\u00e4tt sker p\u00e5 plats.<\/p>\n<p>Ta chansen att bli en del av en levande och utvecklande arbetsplats d\u00e4r s\u00e5v\u00e4l g\u00e4sternas som medarbetarnas v\u00e4lm\u00e5ende st\u00e5r i fokus.<\/p>\n<p><strong>Urval och intervjuer sker l\u00f6pande.<\/strong><\/p>\n<p><strong>Ans\u00f6k genom att skicka CV och personligt brev till <a href=\"mailto:kalmar@eventcenter.se\"><span style=\"color: #cca402;\">kalmar@eventcenter.se<\/span><\/a><\/strong><\/p>\n<\/div><span class=\"arrow\"><i class=\"fa fa-arrow-down\" aria-hidden=\"true\"><\/i><\/span><\/section>[\/vc_column][vc_column width=&#8221;1\/2&#8243;][\/vc_column][\/vc_row][vc_row disable_element=&#8221;yes&#8221; el_class=&#8221;teaserbx vc_hidden-lg vc_hidden-md vc_hidden-sm&#8221;][vc_column width=&#8221;1\/2&#8243;][\/vc_column][vc_column width=&#8221;1\/2&#8243;][\/vc_column][\/vc_row][vc_row][vc_column][vc_empty_space height=&#8221;00px&#8221;][\/vc_column][\/vc_row]<\/p>\n<\/div>","protected":false},"excerpt":{"rendered":"<p>[vc_row full_width=&#8221;stretch_row&#8221; content_placement=&#8221;top&#8221; bg_type=&#8221;image&#8221; css=&#8221;.vc_custom_1709226041960{padding-top: 250px !important;padding-bottom: 250px !important;background-image: url(https:\/\/eventcenter.se\/kalmar\/wp-content\/uploads\/2024\/02\/Nkpg.jpg?id=5417) !important;}&#8221; el_class=&#8221;vc_hidden-xs&#8221;][vc_column offset=&#8221;vc_hidden-xs&#8221;][\/vc_column][\/vc_row][vc_row full_width=&#8221;stretch_row_content&#8221; content_placement=&#8221;top&#8221; bg_type=&#8221;image&#8221; css=&#8221;.vc_custom_1709034766306{padding-top: 450px !important;padding-bottom: 0px !important;background-image: url(https:\/\/eventcenter.se\/kalmar\/wp-content\/uploads\/2022\/08\/Malin.jpg?id=4486) !important;}&#8221; el_class=&#8221;vc_hidden-lg vc_hidden-md vc_hidden-sm&#8221;][vc_column offset=&#8221;vc_hidden-xs&#8221;][\/vc_column][\/vc_row][vc_row bg_type=&#8221;image&#8221; parallax_style=&#8221;vcpb-default&#8221; bg_image_new=&#8221;id^1247|url^https:\/\/eventcenter.se\/kalmar\/wp-content\/uploads\/2019\/04\/menu-bg5.jpg|caption^null|alt^Eventcenter V\u00e4xj\u00f6 Restaurang Bowling Boule Biljard Background Event Center Knock em Down Event Center V\u00e4xj\u00f6 Restaurang Bowling Boule Biljard Knock em Down|title^null|description^null&#8221; bg_image_size=&#8221;initial&#8221; css=&#8221;.vc_custom_1555499045648{margin-top: -40px !important;margin-right:&hellip;<\/p>\n","protected":false},"author":3,"featured_media":0,"parent":0,"menu_order":0,"comment_status":"closed","ping_status":"closed","template":"","meta":{"footnotes":""},"class_list":["post-2108","page","type-page","status-publish","hentry","description-off"],"yoast_head":"<!-- This site is optimized with the Yoast SEO plugin v27.2 - https:\/\/yoast.com\/product\/yoast-seo-wordpress\/ -->\n<title>TJ\u00c4NSTER KALMAR - Event Center - Medarbetare<\/title>\n<meta name=\"description\" content=\"Vill du ha ett sp\u00c3\u00a4nnande och utmanade arbete? Som medarbetare hos Event Center f\u00c3\u00a5r du b\u00c3\u00a5de erfarenheter och m\u00c3\u00b6jligheter ut\u00c3\u00b6ver det vanliga.\" \/>\n<meta name=\"robots\" content=\"index, follow, max-snippet:-1, max-image-preview:large, max-video-preview:-1\" \/>\n<link rel=\"canonical\" href=\"https:\/\/eventcenter.se\/kalmar\/lediga-tjanster\/\" \/>\n<meta property=\"og:locale\" content=\"sv_SE\" \/>\n<meta property=\"og:type\" content=\"article\" \/>\n<meta property=\"og:title\" content=\"TJ\u00c4NSTER KALMAR - Event Center - Medarbetare\" \/>\n<meta property=\"og:description\" content=\"Vill du ha ett sp\u00c3\u00a4nnande och utmanade arbete? Som medarbetare hos Event Center f\u00c3\u00a5r du b\u00c3\u00a5de erfarenheter och m\u00c3\u00b6jligheter ut\u00c3\u00b6ver det vanliga.\" \/>\n<meta property=\"og:url\" content=\"https:\/\/eventcenter.se\/kalmar\/lediga-tjanster\/\" \/>\n<meta property=\"og:site_name\" content=\"Event Center Knock &#039;em Down\" \/>\n<meta property=\"article:modified_time\" content=\"2024-03-01T12:25:09+00:00\" \/>\n<meta name=\"twitter:card\" content=\"summary_large_image\" \/>\n<meta name=\"twitter:label1\" content=\"Ber\u00e4knad l\u00e4stid\" \/>\n\t<meta name=\"twitter:data1\" content=\"5 minuter\" \/>\n<script type=\"application\/ld+json\" class=\"yoast-schema-graph\">{\"@context\":\"https:\/\/schema.org\",\"@graph\":[{\"@type\":\"WebPage\",\"@id\":\"https:\/\/eventcenter.se\/kalmar\/lediga-tjanster\/\",\"url\":\"https:\/\/eventcenter.se\/kalmar\/lediga-tjanster\/\",\"name\":\"TJ\u00c4NSTER KALMAR - Event Center - Medarbetare\",\"isPartOf\":{\"@id\":\"https:\/\/eventcenter.se\/kalmar\/#website\"},\"datePublished\":\"2019-07-30T12:43:10+00:00\",\"dateModified\":\"2024-03-01T12:25:09+00:00\",\"description\":\"Vill du ha ett sp\u00c3\u00a4nnande och utmanade arbete? Som medarbetare hos Event Center f\u00c3\u00a5r du b\u00c3\u00a5de erfarenheter och m\u00c3\u00b6jligheter ut\u00c3\u00b6ver det vanliga.\",\"breadcrumb\":{\"@id\":\"https:\/\/eventcenter.se\/kalmar\/lediga-tjanster\/#breadcrumb\"},\"inLanguage\":\"sv-SE\",\"potentialAction\":[{\"@type\":\"ReadAction\",\"target\":[\"https:\/\/eventcenter.se\/kalmar\/lediga-tjanster\/\"]}]},{\"@type\":\"BreadcrumbList\",\"@id\":\"https:\/\/eventcenter.se\/kalmar\/lediga-tjanster\/#breadcrumb\",\"itemListElement\":[{\"@type\":\"ListItem\",\"position\":1,\"name\":\"Home\",\"item\":\"https:\/\/eventcenter.se\/kalmar\/\"},{\"@type\":\"ListItem\",\"position\":2,\"name\":\"TJ\u00c3\u201eNSTER\"}]},{\"@type\":\"WebSite\",\"@id\":\"https:\/\/eventcenter.se\/kalmar\/#website\",\"url\":\"https:\/\/eventcenter.se\/kalmar\/\",\"name\":\"Event Center Knock 'em Down\",\"description\":\"Aktiviteter i v\u00c3\u00a4rldsklass\",\"potentialAction\":[{\"@type\":\"SearchAction\",\"target\":{\"@type\":\"EntryPoint\",\"urlTemplate\":\"https:\/\/eventcenter.se\/kalmar\/?s={search_term_string}\"},\"query-input\":{\"@type\":\"PropertyValueSpecification\",\"valueRequired\":true,\"valueName\":\"search_term_string\"}}],\"inLanguage\":\"sv-SE\"}]}<\/script>\n<!-- \/ Yoast SEO plugin. -->","yoast_head_json":{"title":"TJ\u00c4NSTER KALMAR - Event Center - Medarbetare","description":"Vill du ha ett sp\u00c3\u00a4nnande och utmanade arbete? Som medarbetare hos Event Center f\u00c3\u00a5r du b\u00c3\u00a5de erfarenheter och m\u00c3\u00b6jligheter ut\u00c3\u00b6ver det vanliga.","robots":{"index":"index","follow":"follow","max-snippet":"max-snippet:-1","max-image-preview":"max-image-preview:large","max-video-preview":"max-video-preview:-1"},"canonical":"https:\/\/eventcenter.se\/kalmar\/lediga-tjanster\/","og_locale":"sv_SE","og_type":"article","og_title":"TJ\u00c4NSTER KALMAR - Event Center - Medarbetare","og_description":"Vill du ha ett sp\u00c3\u00a4nnande och utmanade arbete? Som medarbetare hos Event Center f\u00c3\u00a5r du b\u00c3\u00a5de erfarenheter och m\u00c3\u00b6jligheter ut\u00c3\u00b6ver det vanliga.","og_url":"https:\/\/eventcenter.se\/kalmar\/lediga-tjanster\/","og_site_name":"Event Center Knock &#039;em Down","article_modified_time":"2024-03-01T12:25:09+00:00","twitter_card":"summary_large_image","twitter_misc":{"Ber\u00e4knad l\u00e4stid":"5 minuter"},"schema":{"@context":"https:\/\/schema.org","@graph":[{"@type":"WebPage","@id":"https:\/\/eventcenter.se\/kalmar\/lediga-tjanster\/","url":"https:\/\/eventcenter.se\/kalmar\/lediga-tjanster\/","name":"TJ\u00c4NSTER KALMAR - Event Center - Medarbetare","isPartOf":{"@id":"https:\/\/eventcenter.se\/kalmar\/#website"},"datePublished":"2019-07-30T12:43:10+00:00","dateModified":"2024-03-01T12:25:09+00:00","description":"Vill du ha ett sp\u00c3\u00a4nnande och utmanade arbete? Som medarbetare hos Event Center f\u00c3\u00a5r du b\u00c3\u00a5de erfarenheter och m\u00c3\u00b6jligheter ut\u00c3\u00b6ver det vanliga.","breadcrumb":{"@id":"https:\/\/eventcenter.se\/kalmar\/lediga-tjanster\/#breadcrumb"},"inLanguage":"sv-SE","potentialAction":[{"@type":"ReadAction","target":["https:\/\/eventcenter.se\/kalmar\/lediga-tjanster\/"]}]},{"@type":"BreadcrumbList","@id":"https:\/\/eventcenter.se\/kalmar\/lediga-tjanster\/#breadcrumb","itemListElement":[{"@type":"ListItem","position":1,"name":"Home","item":"https:\/\/eventcenter.se\/kalmar\/"},{"@type":"ListItem","position":2,"name":"TJ\u00c3\u201eNSTER"}]},{"@type":"WebSite","@id":"https:\/\/eventcenter.se\/kalmar\/#website","url":"https:\/\/eventcenter.se\/kalmar\/","name":"Event Center Knock 'em Down","description":"Aktiviteter i v\u00c3\u00a4rldsklass","potentialAction":[{"@type":"SearchAction","target":{"@type":"EntryPoint","urlTemplate":"https:\/\/eventcenter.se\/kalmar\/?s={search_term_string}"},"query-input":{"@type":"PropertyValueSpecification","valueRequired":true,"valueName":"search_term_string"}}],"inLanguage":"sv-SE"}]}},"_links":{"self":[{"href":"https:\/\/eventcenter.se\/kalmar\/wp-json\/wp\/v2\/pages\/2108","targetHints":{"allow":["GET"]}}],"collection":[{"href":"https:\/\/eventcenter.se\/kalmar\/wp-json\/wp\/v2\/pages"}],"about":[{"href":"https:\/\/eventcenter.se\/kalmar\/wp-json\/wp\/v2\/types\/page"}],"author":[{"embeddable":true,"href":"https:\/\/eventcenter.se\/kalmar\/wp-json\/wp\/v2\/users\/3"}],"replies":[{"embeddable":true,"href":"https:\/\/eventcenter.se\/kalmar\/wp-json\/wp\/v2\/comments?post=2108"}],"version-history":[{"count":60,"href":"https:\/\/eventcenter.se\/kalmar\/wp-json\/wp\/v2\/pages\/2108\/revisions"}],"predecessor-version":[{"id":5466,"href":"https:\/\/eventcenter.se\/kalmar\/wp-json\/wp\/v2\/pages\/2108\/revisions\/5466"}],"wp:attachment":[{"href":"https:\/\/eventcenter.se\/kalmar\/wp-json\/wp\/v2\/media?parent=2108"}],"curies":[{"name":"wp","href":"https:\/\/api.w.org\/{rel}","templated":true}]}}