{"id":5048,"date":"2023-07-19T11:17:11","date_gmt":"2023-07-19T09:17:11","guid":{"rendered":"https:\/\/eventcenter.se\/kalmar\/?page_id=5048"},"modified":"2026-02-24T13:43:47","modified_gmt":"2026-02-24T12:43:47","slug":"dart-kalmar","status":"publish","type":"page","link":"https:\/\/eventcenter.se\/kalmar\/dart-kalmar\/","title":{"rendered":"DART"},"content":{"rendered":"<div class=\"wpb-content-wrapper\"><p>[vc_row full_width=&#8221;stretch_row&#8221; content_placement=&#8221;top&#8221; bg_type=&#8221;image&#8221; css=&#8221;.vc_custom_1725637028239{padding-top: 250px !important;padding-bottom: 250px !important;background-image: url(https:\/\/eventcenter.se\/kalmar\/wp-content\/uploads\/2024\/09\/Dart-scoolia-1.jpg?id=5636) !important;}&#8221; el_class=&#8221;vc_hidden-xs&#8221;][vc_column offset=&#8221;vc_hidden-xs&#8221;][\/vc_column][\/vc_row][vc_row full_width=&#8221;stretch_row_content&#8221; content_placement=&#8221;top&#8221; bg_type=&#8221;image&#8221; css=&#8221;.vc_custom_1725636990530{padding-top: 450px !important;padding-bottom: 0px !important;background-image: url(https:\/\/eventcenter.se\/kalmar\/wp-content\/uploads\/2024\/09\/Dart-scoolia.jpg?id=5635) !important;}&#8221; el_class=&#8221;vc_hidden-lg vc_hidden-md vc_hidden-sm&#8221;][vc_column offset=&#8221;vc_hidden-xs&#8221;][\/vc_column][\/vc_row][vc_row bg_type=&#8221;image&#8221; parallax_style=&#8221;vcpb-default&#8221; bg_image_new=&#8221;id^1247|url^https:\/\/eventcenter.se\/kalmar\/wp-content\/uploads\/2019\/04\/menu-bg5.jpg|caption^Event Center Knock em Down V\u00e4xj\u00f6 Restaurang Bowling Boule Biljard Background Event Center V\u00e4xj\u00f6 Restaurang Bowling Boule Biljard Knock em Down|alt^Event Center Knock em Down V\u00e4xj\u00f6 Restaurang Bowling Boule Biljard Background Event Center V\u00e4xj\u00f6 Restaurang Bowling Boule Biljard Knock em Down The Challenge 3-kamp eventcenter|title^Event Center Knock em Down V\u00e4xj\u00f6 Restaurang Bowling Boule Biljard Background Event Center V\u00e4xj\u00f6 Restaurang Bowling Boule Biljard Knock em Down|description^Event Center Knock em Down V\u00e4xj\u00f6 Restaurang Bowling Boule Biljard Background Event Center V\u00e4xj\u00f6 Restaurang Bowling Boule Biljard Knock em Down&#8221; bg_image_size=&#8221;initial&#8221; css=&#8221;.vc_custom_1555772458400{margin-top: -40px !important;margin-right: 0px !important;margin-left: 0px !important;background-color: #ffffff !important;background-position: 0 0 !important;background-repeat: repeat !important;}&#8221; el_class=&#8221;pinklft shadow zindexed&#8221;][vc_column width=&#8221;2\/3&#8243; css=&#8221;.vc_custom_1554197063644{padding-top: 10px !important;padding-bottom: 0px !important;padding-left: 44px !important;}&#8221;][vc_column_text css=&#8221;&#8221;]<\/p>\n<h1><span style=\"color: #cca402;\"><strong>Interaktiv Dart<\/strong><\/span><\/h1>\n<p><strong>Vi har fyra darttavlor med den senaste tekniken.<\/strong><\/p>\n<p><strong>Scolia dart <\/strong>\u00e4r den perfekta upplevelsen f\u00f6r dartspelaren d\u00e4r det finns b\u00e5de traditionella och mer utvecklade spelm\u00f6jlighet, allt med automatisk po\u00e4ngr\u00e4kning.<\/p>\n<p><strong>249 kr tavla\/h<\/strong><\/p>\n<p>&nbsp;<\/p>\n<p><a href=\"https:\/\/knockvaxjo.bokad.se\/s\/7\"><img loading=\"lazy\" decoding=\"async\" class=\"alignnone wp-image-5632 size-full\" src=\"https:\/\/eventcenter.se\/kalmar\/wp-content\/uploads\/2024\/09\/Boka-dart.jpg\" alt=\"Dart\" width=\"960\" height=\"540\" srcset=\"https:\/\/eventcenter.se\/kalmar\/wp-content\/uploads\/2024\/09\/Boka-dart.jpg 960w, https:\/\/eventcenter.se\/kalmar\/wp-content\/uploads\/2024\/09\/Boka-dart-300x169.jpg 300w, https:\/\/eventcenter.se\/kalmar\/wp-content\/uploads\/2024\/09\/Boka-dart-768x432.jpg 768w\" sizes=\"auto, (max-width: 960px) 100vw, 960px\" \/><\/a><\/p>\n<p>Soclia dart revolutionerande s\u00e4tt att spela dart som du bara m\u00e5ste prova tillsammans med dina v\u00e4nner.[\/vc_column_text][vc_video link=&#8221;https:\/\/youtu.be\/NesGZ5qxlto&#8221; css=&#8221;&#8221;][vc_column_text]<em class=\"photoswipe-wrapper\">Event Center Knock \u2019em Down \u00e4r Kalmars Event- &amp; N\u00f6jescenter. Kombinera g\u00e4rna din tid med <a href=\"https:\/\/eventcenter.se\/kalmar\/restaurang\/\">mat<\/a>,\u00a0<a href=\"https:\/\/eventcenter.se\/kalmar\/aktiviteter\/\">fler aktiviteter<\/a>\u00a0och\u00a0<a href=\"https:\/\/eventcenter.se\/kalmar\/foretagspaket\/\">kamper &amp; paket<\/a>\u00a0som \u00e4r specialdesignade f\u00f6r att ge dig och ditt s\u00e4llskap de b\u00e4sta upplevelserna.<\/em>[\/vc_column_text][vc_empty_space height=&#8221;10px&#8221;][\/vc_column][vc_column width=&#8221;1\/3&#8243; css=&#8221;.vc_custom_1555772471319{margin-left: 22px !important;padding-top: 17px !important;padding-right: 10px !important;padding-bottom: 25px !important;}&#8221;]<style type=\"text\/css\" data-type=\"the7_shortcodes-inline-css\">#default-btn-6a90843dab0f595c45605ff168a863b2 {\n  border-radius: 1px;\n  font-size: 14px;\n  line-height: 16px;\n}\n.btn-shadow#default-btn-6a90843dab0f595c45605ff168a863b2 {\n  box-shadow: 0 1px 6px rgba(0,0,0,0.12);\n  transition: box-shadow 0.2s ease-out, opacity 0.45s;\n}\n.btn-shadow#default-btn-6a90843dab0f595c45605ff168a863b2:hover {\n  box-shadow: 0 5px 11px 0 rgba(0,0,0,0.18), 0 4px 15px 0 rgba(0,0,0,0.15);\n}\n.btn-3d#default-btn-6a90843dab0f595c45605ff168a863b2 {\n  box-shadow: 0px 2px 0px 0px #816b10;\n}\n.btn-3d#default-btn-6a90843dab0f595c45605ff168a863b2:hover {\n  box-shadow: 0px 2px 0px 0px #816b10;\n}\n.btn-flat#default-btn-6a90843dab0f595c45605ff168a863b2 {\n  box-shadow: none;\n}\n.btn-flat#default-btn-6a90843dab0f595c45605ff168a863b2:hover {\n  box-shadow: none;\n}\n#default-btn-6a90843dab0f595c45605ff168a863b2.ico-right-side > i {\n  margin-right: 0px;\n  margin-left: 8px;\n}\n#default-btn-6a90843dab0f595c45605ff168a863b2 > i {\n  margin-right: 8px;\n  font-size: 14px;\n}\n#default-btn-6a90843dab0f595c45605ff168a863b2:not(:hover) {\n  border-width: 0px;\n  color: #000000;\n  background: #cca402 !important;\n  padding: 12px 18px 12px 18px;\n}\n#default-btn-6a90843dab0f595c45605ff168a863b2:not(:hover) * {\n  color: #000000;\n}\n#default-btn-6a90843dab0f595c45605ff168a863b2:hover {\n  border-width: 0px;\n  background: #cca402 !important;\n  padding: 12px 18px 12px 18px;\n}\n#default-btn-6a90843dab0f595c45605ff168a863b2.ico-right-side > i {\n  margin-right: 0px;\n  margin-left: 8px;\n}\n#default-btn-6a90843dab0f595c45605ff168a863b2 > i {\n  margin-right: 8px;\n}<\/style><a href=\"https:\/\/boka.bokad.se\/eventcenter-kalmar\/7\" class=\"default-btn-shortcode dt-btn rubberBand animate-element animation-builder link-hover-off btn-inline-left btn-flat  vc_custom_1709286975726\" target=\"_blank\" id=\"default-btn-6a90843dab0f595c45605ff168a863b2\" style=\"width:265px;\" rel=\"noopener\"><span>Boka nu<\/span><\/a>[vc_column_text css=&#8221;.vc_custom_1709296011770{padding-top: 10px !important;}&#8221;]<span style=\"color: #999999;\">Eller kontakta oss via 0480-444230, <\/span><a href=\"mailto:kalmar@eventcenter.se\"><span style=\"color: #999999;\">kalmar@eventcenter.se<\/span><\/a>[\/vc_column_text][vc_empty_space height=&#8221;20px&#8221;][vc_single_image image=&#8221;5633&#8243; img_size=&#8221;full&#8221; css=&#8221;.vc_custom_1725636891958{padding-right: 50px !important;}&#8221; image_hovers=&#8221;false&#8221;][\/vc_column][\/vc_row][vc_row disable_element=&#8221;yes&#8221; el_class=&#8221;teaserbx vc_hidden-lg vc_hidden-md vc_hidden-sm&#8221;][vc_column width=&#8221;1\/2&#8243;][\/vc_column][\/vc_row][vc_row][vc_column][vc_empty_space height=&#8221;00px&#8221;][\/vc_column][\/vc_row]<\/p>\n<\/div>","protected":false},"excerpt":{"rendered":"<p>[vc_row full_width=&#8221;stretch_row&#8221; content_placement=&#8221;top&#8221; bg_type=&#8221;image&#8221; css=&#8221;.vc_custom_1725637028239{padding-top: 250px !important;padding-bottom: 250px !important;background-image: url(https:\/\/eventcenter.se\/kalmar\/wp-content\/uploads\/2024\/09\/Dart-scoolia-1.jpg?id=5636) !important;}&#8221; el_class=&#8221;vc_hidden-xs&#8221;][vc_column offset=&#8221;vc_hidden-xs&#8221;][\/vc_column][\/vc_row][vc_row full_width=&#8221;stretch_row_content&#8221; content_placement=&#8221;top&#8221; bg_type=&#8221;image&#8221; css=&#8221;.vc_custom_1725636990530{padding-top: 450px !important;padding-bottom: 0px !important;background-image: url(https:\/\/eventcenter.se\/kalmar\/wp-content\/uploads\/2024\/09\/Dart-scoolia.jpg?id=5635) !important;}&#8221; el_class=&#8221;vc_hidden-lg vc_hidden-md vc_hidden-sm&#8221;][vc_column offset=&#8221;vc_hidden-xs&#8221;][\/vc_column][\/vc_row][vc_row bg_type=&#8221;image&#8221; parallax_style=&#8221;vcpb-default&#8221; bg_image_new=&#8221;id^1247|url^https:\/\/eventcenter.se\/kalmar\/wp-content\/uploads\/2019\/04\/menu-bg5.jpg|caption^Event Center Knock em Down V\u00e4xj\u00f6 Restaurang Bowling Boule Biljard Background Event Center V\u00e4xj\u00f6 Restaurang Bowling Boule Biljard Knock em Down|alt^Event Center Knock em Down V\u00e4xj\u00f6&hellip;<\/p>\n","protected":false},"author":3,"featured_media":0,"parent":0,"menu_order":0,"comment_status":"closed","ping_status":"closed","template":"","meta":{"footnotes":""},"class_list":["post-5048","page","type-page","status-publish","hentry","description-off"],"yoast_head":"<!-- This site is optimized with the Yoast SEO plugin v27.2 - https:\/\/yoast.com\/product\/yoast-seo-wordpress\/ -->\n<title>DART KALMAR - Event Center - Aktiviteter i v\u00e4rldsklass<\/title>\n<meta name=\"description\" content=\"Dart V\u00e4xj\u00f6. Elektroniskt r\u00e4kneverk med \u00e4kta pilar tar ditt dartspelande till en ny niv\u00e5. De b\u00e4sta upplevelserna finns hos Event Center.\" \/>\n<meta name=\"robots\" content=\"index, follow, max-snippet:-1, max-image-preview:large, max-video-preview:-1\" \/>\n<link rel=\"canonical\" href=\"https:\/\/eventcenter.se\/kalmar\/dart-kalmar\/\" \/>\n<meta property=\"og:locale\" content=\"sv_SE\" \/>\n<meta property=\"og:type\" content=\"article\" \/>\n<meta property=\"og:title\" content=\"DART KALMAR - Event Center - Aktiviteter i v\u00e4rldsklass\" \/>\n<meta property=\"og:description\" content=\"Dart V\u00e4xj\u00f6. Elektroniskt r\u00e4kneverk med \u00e4kta pilar tar ditt dartspelande till en ny niv\u00e5. De b\u00e4sta upplevelserna finns hos Event Center.\" \/>\n<meta property=\"og:url\" content=\"https:\/\/eventcenter.se\/kalmar\/dart-kalmar\/\" \/>\n<meta property=\"og:site_name\" content=\"Event Center Knock &#039;em Down\" \/>\n<meta property=\"article:modified_time\" content=\"2026-02-24T12:43:47+00:00\" \/>\n<meta property=\"og:image\" content=\"https:\/\/eventcenter.se\/kalmar\/wp-content\/uploads\/2024\/09\/Boka-dart.jpg\" \/>\n\t<meta property=\"og:image:width\" content=\"960\" \/>\n\t<meta property=\"og:image:height\" content=\"540\" \/>\n\t<meta property=\"og:image:type\" content=\"image\/jpeg\" \/>\n<meta name=\"twitter:card\" content=\"summary_large_image\" \/>\n<meta name=\"twitter:label1\" content=\"Ber\u00e4knad l\u00e4stid\" \/>\n\t<meta name=\"twitter:data1\" content=\"2 minuter\" \/>\n<script type=\"application\/ld+json\" class=\"yoast-schema-graph\">{\"@context\":\"https:\/\/schema.org\",\"@graph\":[{\"@type\":\"WebPage\",\"@id\":\"https:\/\/eventcenter.se\/kalmar\/dart-kalmar\/\",\"url\":\"https:\/\/eventcenter.se\/kalmar\/dart-kalmar\/\",\"name\":\"DART KALMAR - Event Center - Aktiviteter i v\u00e4rldsklass\",\"isPartOf\":{\"@id\":\"https:\/\/eventcenter.se\/kalmar\/#website\"},\"primaryImageOfPage\":{\"@id\":\"https:\/\/eventcenter.se\/kalmar\/dart-kalmar\/#primaryimage\"},\"image\":{\"@id\":\"https:\/\/eventcenter.se\/kalmar\/dart-kalmar\/#primaryimage\"},\"thumbnailUrl\":\"https:\/\/eventcenter.se\/kalmar\/wp-content\/uploads\/2024\/09\/Boka-dart.jpg\",\"datePublished\":\"2023-07-19T09:17:11+00:00\",\"dateModified\":\"2026-02-24T12:43:47+00:00\",\"description\":\"Dart V\u00e4xj\u00f6. Elektroniskt r\u00e4kneverk med \u00e4kta pilar tar ditt dartspelande till en ny niv\u00e5. De b\u00e4sta upplevelserna finns hos Event Center.\",\"breadcrumb\":{\"@id\":\"https:\/\/eventcenter.se\/kalmar\/dart-kalmar\/#breadcrumb\"},\"inLanguage\":\"sv-SE\",\"potentialAction\":[{\"@type\":\"ReadAction\",\"target\":[\"https:\/\/eventcenter.se\/kalmar\/dart-kalmar\/\"]}]},{\"@type\":\"ImageObject\",\"inLanguage\":\"sv-SE\",\"@id\":\"https:\/\/eventcenter.se\/kalmar\/dart-kalmar\/#primaryimage\",\"url\":\"https:\/\/eventcenter.se\/kalmar\/wp-content\/uploads\/2024\/09\/Boka-dart.jpg\",\"contentUrl\":\"https:\/\/eventcenter.se\/kalmar\/wp-content\/uploads\/2024\/09\/Boka-dart.jpg\",\"width\":960,\"height\":540,\"caption\":\"Dart\"},{\"@type\":\"BreadcrumbList\",\"@id\":\"https:\/\/eventcenter.se\/kalmar\/dart-kalmar\/#breadcrumb\",\"itemListElement\":[{\"@type\":\"ListItem\",\"position\":1,\"name\":\"Home\",\"item\":\"https:\/\/eventcenter.se\/kalmar\/\"},{\"@type\":\"ListItem\",\"position\":2,\"name\":\"DART\"}]},{\"@type\":\"WebSite\",\"@id\":\"https:\/\/eventcenter.se\/kalmar\/#website\",\"url\":\"https:\/\/eventcenter.se\/kalmar\/\",\"name\":\"Event Center Knock 'em Down\",\"description\":\"Aktiviteter i v\u00c3\u00a4rldsklass\",\"potentialAction\":[{\"@type\":\"SearchAction\",\"target\":{\"@type\":\"EntryPoint\",\"urlTemplate\":\"https:\/\/eventcenter.se\/kalmar\/?s={search_term_string}\"},\"query-input\":{\"@type\":\"PropertyValueSpecification\",\"valueRequired\":true,\"valueName\":\"search_term_string\"}}],\"inLanguage\":\"sv-SE\"}]}<\/script>\n<!-- \/ Yoast SEO plugin. -->","yoast_head_json":{"title":"DART KALMAR - Event Center - Aktiviteter i v\u00e4rldsklass","description":"Dart V\u00e4xj\u00f6. Elektroniskt r\u00e4kneverk med \u00e4kta pilar tar ditt dartspelande till en ny niv\u00e5. De b\u00e4sta upplevelserna finns hos Event Center.","robots":{"index":"index","follow":"follow","max-snippet":"max-snippet:-1","max-image-preview":"max-image-preview:large","max-video-preview":"max-video-preview:-1"},"canonical":"https:\/\/eventcenter.se\/kalmar\/dart-kalmar\/","og_locale":"sv_SE","og_type":"article","og_title":"DART KALMAR - Event Center - Aktiviteter i v\u00e4rldsklass","og_description":"Dart V\u00e4xj\u00f6. Elektroniskt r\u00e4kneverk med \u00e4kta pilar tar ditt dartspelande till en ny niv\u00e5. De b\u00e4sta upplevelserna finns hos Event Center.","og_url":"https:\/\/eventcenter.se\/kalmar\/dart-kalmar\/","og_site_name":"Event Center Knock &#039;em Down","article_modified_time":"2026-02-24T12:43:47+00:00","og_image":[{"width":960,"height":540,"url":"https:\/\/eventcenter.se\/kalmar\/wp-content\/uploads\/2024\/09\/Boka-dart.jpg","type":"image\/jpeg"}],"twitter_card":"summary_large_image","twitter_misc":{"Ber\u00e4knad l\u00e4stid":"2 minuter"},"schema":{"@context":"https:\/\/schema.org","@graph":[{"@type":"WebPage","@id":"https:\/\/eventcenter.se\/kalmar\/dart-kalmar\/","url":"https:\/\/eventcenter.se\/kalmar\/dart-kalmar\/","name":"DART KALMAR - Event Center - Aktiviteter i v\u00e4rldsklass","isPartOf":{"@id":"https:\/\/eventcenter.se\/kalmar\/#website"},"primaryImageOfPage":{"@id":"https:\/\/eventcenter.se\/kalmar\/dart-kalmar\/#primaryimage"},"image":{"@id":"https:\/\/eventcenter.se\/kalmar\/dart-kalmar\/#primaryimage"},"thumbnailUrl":"https:\/\/eventcenter.se\/kalmar\/wp-content\/uploads\/2024\/09\/Boka-dart.jpg","datePublished":"2023-07-19T09:17:11+00:00","dateModified":"2026-02-24T12:43:47+00:00","description":"Dart V\u00e4xj\u00f6. Elektroniskt r\u00e4kneverk med \u00e4kta pilar tar ditt dartspelande till en ny niv\u00e5. De b\u00e4sta upplevelserna finns hos Event Center.","breadcrumb":{"@id":"https:\/\/eventcenter.se\/kalmar\/dart-kalmar\/#breadcrumb"},"inLanguage":"sv-SE","potentialAction":[{"@type":"ReadAction","target":["https:\/\/eventcenter.se\/kalmar\/dart-kalmar\/"]}]},{"@type":"ImageObject","inLanguage":"sv-SE","@id":"https:\/\/eventcenter.se\/kalmar\/dart-kalmar\/#primaryimage","url":"https:\/\/eventcenter.se\/kalmar\/wp-content\/uploads\/2024\/09\/Boka-dart.jpg","contentUrl":"https:\/\/eventcenter.se\/kalmar\/wp-content\/uploads\/2024\/09\/Boka-dart.jpg","width":960,"height":540,"caption":"Dart"},{"@type":"BreadcrumbList","@id":"https:\/\/eventcenter.se\/kalmar\/dart-kalmar\/#breadcrumb","itemListElement":[{"@type":"ListItem","position":1,"name":"Home","item":"https:\/\/eventcenter.se\/kalmar\/"},{"@type":"ListItem","position":2,"name":"DART"}]},{"@type":"WebSite","@id":"https:\/\/eventcenter.se\/kalmar\/#website","url":"https:\/\/eventcenter.se\/kalmar\/","name":"Event Center Knock 'em Down","description":"Aktiviteter i v\u00c3\u00a4rldsklass","potentialAction":[{"@type":"SearchAction","target":{"@type":"EntryPoint","urlTemplate":"https:\/\/eventcenter.se\/kalmar\/?s={search_term_string}"},"query-input":{"@type":"PropertyValueSpecification","valueRequired":true,"valueName":"search_term_string"}}],"inLanguage":"sv-SE"}]}},"_links":{"self":[{"href":"https:\/\/eventcenter.se\/kalmar\/wp-json\/wp\/v2\/pages\/5048","targetHints":{"allow":["GET"]}}],"collection":[{"href":"https:\/\/eventcenter.se\/kalmar\/wp-json\/wp\/v2\/pages"}],"about":[{"href":"https:\/\/eventcenter.se\/kalmar\/wp-json\/wp\/v2\/types\/page"}],"author":[{"embeddable":true,"href":"https:\/\/eventcenter.se\/kalmar\/wp-json\/wp\/v2\/users\/3"}],"replies":[{"embeddable":true,"href":"https:\/\/eventcenter.se\/kalmar\/wp-json\/wp\/v2\/comments?post=5048"}],"version-history":[{"count":38,"href":"https:\/\/eventcenter.se\/kalmar\/wp-json\/wp\/v2\/pages\/5048\/revisions"}],"predecessor-version":[{"id":5973,"href":"https:\/\/eventcenter.se\/kalmar\/wp-json\/wp\/v2\/pages\/5048\/revisions\/5973"}],"wp:attachment":[{"href":"https:\/\/eventcenter.se\/kalmar\/wp-json\/wp\/v2\/media?parent=5048"}],"curies":[{"name":"wp","href":"https:\/\/api.w.org\/{rel}","templated":true}]}}